{"id":2,"date":"2024-05-09T09:34:31","date_gmt":"2024-05-09T07:34:31","guid":{"rendered":"http:\/\/www.radom.kik.opoka.org.pl\/konkurs\/?page_id=2"},"modified":"2024-05-14T22:58:52","modified_gmt":"2024-05-14T20:58:52","slug":"przykladowa-strona","status":"publish","type":"page","link":"http:\/\/www.radom.kik.opoka.org.pl\/konkurs\/?page_id=2","title":{"rendered":"Materia\u0142y"},"content":{"rendered":"\n<div data-aos= \"fade-up\" data-aos-duration=\"400\" data-aos-delay=\"0\" data-aos-easing=\"ease\" data-aos-once=\"true\" class=\"wp-block-uagb-container uagb-block-d60cd7b3 alignfull uagb-is-root-container\"><div class=\"uagb-container-inner-blocks-wrap\">\n<p><a href=\"http:\/\/www.radom.kik.opoka.org.pl\/konkurs\/?page_id=26\"><strong>Wst\u0119p<\/strong><\/a><br>\u2014 <em><em>Miros\u0142aw W\u0105sik<\/em><\/em><\/p>\n\n\n\n<p><a href=\"http:\/\/www.radom.kik.opoka.org.pl\/konkurs\/?page_id=33\"><strong>\u015aci\u015blejsza ojczyzna Jacka Malczewskiego<\/strong><\/a><br>\u2014 <em><em>Zofia Katarzyna Posiada\u0142a<\/em><\/em><\/p>\n\n\n\n<p><a href=\"http:\/\/www.radom.kik.opoka.org.pl\/konkurs\/?page_id=49\"><strong>Wanda Malczewska<\/strong><\/a><br>\u2014 <em>Ewa K. Czaczkowska<\/em><\/p>\n\n\n\n<p><a href=\"http:\/\/www.radom.kik.opoka.org.pl\/konkurs\/?page_id=52\"><strong>Malczewscy. Z Radomia do \u015bwi\u0119to\u015bci i na parnas<\/strong><\/a><br>\u2014 <em>Dariusz Kupisz<\/em><\/p>\n\n\n\n<p><a href=\"http:\/\/www.radom.kik.opoka.org.pl\/konkurs\/?page_id=59\"><strong>Ko\u015bci\u00f3\u0142 farny pw. \u015bw. Jana Chrzciciela w Radomiu<\/strong><\/a><br>\u2014 <em>Pawe\u0142 Puton<\/em><\/p>\n<\/div><\/div>\n\n\n\n<div class=\"wp-block-uagb-separator uagb-block-a09cb7ca\"><div class=\"wp-block-uagb-separator__inner\" style=\"--my-background-image:\"><\/div><\/div>\n\n\n\n<p><\/p>\n","protected":false},"excerpt":{"rendered":"<p>Wst\u0119p\u2014 Miros\u0142aw W\u0105sik \u015aci\u015blejsza ojczyzna Jacka Malczewskiego\u2014 Zofia Katarzyna Posiada\u0142a Wanda Malczewska\u2014 Ewa K. Czaczkowska Malczewscy. Z Radomia do \u015bwi\u0119to\u015bci i na [&hellip;]<\/p>\n","protected":false},"author":1,"featured_media":0,"parent":0,"menu_order":0,"comment_status":"closed","ping_status":"closed","template":"","meta":{"_uag_custom_page_level_css":"","footnotes":""},"class_list":["post-2","page","type-page","status-publish","hentry"],"uagb_featured_image_src":{"full":false,"thumbnail":false,"medium":false,"medium_large":false,"large":false,"1536x1536":false,"2048x2048":false,"sydney-large-thumb":false,"sydney-medium-thumb":false,"sydney-small-thumb":false,"sydney-service-thumb":false,"sydney-mas-thumb":false},"uagb_author_info":{"display_name":"rafalcelej@wp.pl","author_link":"http:\/\/www.radom.kik.opoka.org.pl\/konkurs\/?author=1"},"uagb_comment_info":0,"uagb_excerpt":"Wst\u0119p\u2014 Miros\u0142aw W\u0105sik \u015aci\u015blejsza ojczyzna Jacka Malczewskiego\u2014 Zofia Katarzyna Posiada\u0142a Wanda Malczewska\u2014 Ewa K. Czaczkowska Malczewscy. Z Radomia do \u015bwi\u0119to\u015bci i na [&hellip;]","_links":{"self":[{"href":"http:\/\/www.radom.kik.opoka.org.pl\/konkurs\/index.php?rest_route=\/wp\/v2\/pages\/2","targetHints":{"allow":["GET"]}}],"collection":[{"href":"http:\/\/www.radom.kik.opoka.org.pl\/konkurs\/index.php?rest_route=\/wp\/v2\/pages"}],"about":[{"href":"http:\/\/www.radom.kik.opoka.org.pl\/konkurs\/index.php?rest_route=\/wp\/v2\/types\/page"}],"author":[{"embeddable":true,"href":"http:\/\/www.radom.kik.opoka.org.pl\/konkurs\/index.php?rest_route=\/wp\/v2\/users\/1"}],"replies":[{"embeddable":true,"href":"http:\/\/www.radom.kik.opoka.org.pl\/konkurs\/index.php?rest_route=%2Fwp%2Fv2%2Fcomments&post=2"}],"version-history":[{"count":34,"href":"http:\/\/www.radom.kik.opoka.org.pl\/konkurs\/index.php?rest_route=\/wp\/v2\/pages\/2\/revisions"}],"predecessor-version":[{"id":353,"href":"http:\/\/www.radom.kik.opoka.org.pl\/konkurs\/index.php?rest_route=\/wp\/v2\/pages\/2\/revisions\/353"}],"wp:attachment":[{"href":"http:\/\/www.radom.kik.opoka.org.pl\/konkurs\/index.php?rest_route=%2Fwp%2Fv2%2Fmedia&parent=2"}],"curies":[{"name":"wp","href":"https:\/\/api.w.org\/{rel}","templated":true}]}}

Materiały

<div data-aos= "fade-up" data-aos-duration="400" data-aos-delay="0" data-aos-easing="ease" data-aos-once="true" class="wp-block-uagb-container uagb-block-d60cd7b3 alignfull uagb-is-root-container"><div class="uagb-container-inner-blocks-wrap">
<p><a href="http://www.radom.kik.opoka.org.pl/konkurs/?page_id=26"><strong>Wstęp</strong></a><br>— <em><em>Mirosław Wąsik</em></em></p>



<p><a href="http://www.radom.kik.opoka.org.pl/konkurs/?page_id=33"><strong>Ściślejsza ojczyzna Jacka Malczewskiego</strong></a><br>— <em><em>Zofia Katarzyna Posiadała</em></em></p>



<p><a href="http://www.radom.kik.opoka.org.pl/konkurs/?page_id=49"><strong>Wanda Malczewska</strong></a><br>— <em>Ewa K. Czaczkowska</em></p>



<p><a href="http://www.radom.kik.opoka.org.pl/konkurs/?page_id=52"><strong>Malczewscy. Z Radomia do świętości i na parnas</strong></a><br>— <em>Dariusz Kupisz</em></p>



<p><a href="http://www.radom.kik.opoka.org.pl/konkurs/?page_id=59"><strong>Kościół farny pw. św. Jana Chrzciciela w Radomiu</strong></a><br>— <em>Paweł Puton</em></p>
</div></div>



<div class="wp-block-uagb-separator uagb-block-a09cb7ca"><div class="wp-block-uagb-separator__inner" style="--my-background-image:"></div></div>



<p></p>

<p>Wstęp— Mirosław Wąsik Ściślejsza ojczyzna Jacka Malczewskiego— Zofia Katarzyna Posiadała Wanda Malczewska— Ewa K. Czaczkowska Malczewscy. Z Radomia do świętości i na [&hellip;]</p>

Wstęp— Mirosław Wąsik Ściślejsza ojczyzna Jacka Malczewskiego— Zofia Katarzyna Posiadała Wanda Malczewska— Ewa K. Czaczkowska Malczewscy. Z Radomia do świętości i na [&hellip;]
