{"id":26,"date":"2024-05-09T22:25:46","date_gmt":"2024-05-09T20:25:46","guid":{"rendered":"http:\/\/www.radom.kik.opoka.org.pl\/konkurs\/?page_id=26"},"modified":"2024-05-11T19:21:52","modified_gmt":"2024-05-11T17:21:52","slug":"wstep","status":"publish","type":"page","link":"http:\/\/www.radom.kik.opoka.org.pl\/konkurs\/?page_id=26","title":{"rendered":"Wst\u0119p"},"content":{"rendered":"\n<div data-aos= \"fade-up\" data-aos-duration=\"400\" data-aos-delay=\"0\" data-aos-easing=\"ease\" data-aos-once=\"true\" class=\"wp-block-uagb-container uagb-block-2c6fd74c alignfull uagb-is-root-container\"><div class=\"uagb-container-inner-blocks-wrap\">\n<p><em>Miros\u0142aw W\u0105sik<\/em><\/p>\n\n\n\n<p>Konkurs <strong><em>W poszukiwaniu zaginionych wizerunk\u00f3w<\/em><\/strong> jest zaproszeniem do wielkiej w\u0119dr\u00f3wki wyobra\u017ani i prze\u017cy\u0107 a tak\u017ce wyzwaniem dla talentu i wysi\u0142ku intelektualnego oraz duchowego. Przed nami staje tajemnica natchnie\u0144 i obraz\u00f3w, kt\u00f3re przenika\u0142y jednego z najwybitniejszych polskich malarzy \u2014 Jacka Malczewskiego. Mistrz kreacji \u015bwiata symboli, wnikliwy obserwator oraz poeta portretu czerpi\u0105cy inspiracje ze szczyt\u00f3w ledwie dost\u0119pnych cz\u0142owiekowi \u2014 to tylko niekt\u00f3re przymioty, kt\u00f3rymi mo\u017cna opisywa\u0107 artyst\u0119, niezwykle bieg\u0142ego w pos\u0142ugiwaniu si\u0119 rysunkiem i barw\u0105.<\/p>\n\n\n\n<p>Wyzwania tw\u00f3rcze, kt\u00f3re le\u017c\u0105 u \u017ar\u00f3de\u0142 w\u0119dr\u00f3wki <strong><em>W poszukiwaniu zaginionych wizerunk\u00f3w<\/em> <\/strong>dotycz\u0105 obszaru mniej rozpoznanego w \u017cyciorysie wielkiego artysty \u2014 wzajemnych relacji dwojga wybitnych przedstawicieli rodu Malczewskich herbu Tarnawa: wirtuoza sztuki oraz na wskro\u015b oryginalnej, niezwykle zaanga\u017cowanej i uduchowionej wolontariuszki \u2014 Jacka i jego ciotki Wandy.<\/p>\n\n\n\n<p>Tarnawici to r\u00f3d znacz\u0105cy, bogaty w osoby nietuzinkowe i utalentowane, jak chocia\u017cby poeta romantyczny Antoni Malczewski. Przez swoje wielowymiarowe dokonania rodzina Malczewskich pokaza\u0142a, \u017ce mo\u017cna b\u0119d\u0105c arystokrat\u0105 ducha nie odwraca\u0107 uwagi od problem\u00f3w zwyk\u0142ych ludzi. A tak\u017ce w drug\u0105 stron\u0119 \u2014 \u017ce mo\u017cna zajmuj\u0105c si\u0119 codziennymi sprawami si\u0119ga\u0107 poza horyzonty.<\/p>\n\n\n\n<p>Fenomen tw\u00f3rczo\u015bci Jacka i zadziwiaj\u0105ce bogactwo \u017cycia Wandy posiadaj\u0105 wiele punkt\u00f3w wsp\u00f3lnych. To zar\u00f3wno formacja intelektualna i duchowa, jak r\u00f3wnie\u017c g\u0142\u0119bokie zaanga\u017cowanie w sprawy spo\u0142eczne i narodowe. Taki kszta\u0142t postawy wobec \u015bwiata i warto\u015bci, to w znacz\u0105cym stopniu efekt wychowania i tradycji domu rodzinnego, zagubionego w ustronnych rejonach ziemi radomskiej.<\/p>\n\n\n\n<p>Drogi Wandy i Jacka krzy\u017cowa\u0142y si\u0119 wielokrotnie, na r\u00f3\u017cnych etapach \u017cycia. Dla Wandy bratanek by\u0142 kim\u015b tak wa\u017cnym, \u017ce mimo w\u0142asnego ub\u00f3stwa przekaza\u0142a na kszta\u0142cenie utalentowanego ch\u0142opca przypadaj\u0105c\u0105 jej cz\u0119\u015b\u0107 rodowego spadku. Ale obok wymiaru czysto materialnego by\u0142o tak\u017ce wielkie zaanga\u017cowanie duchowe \u2014 gor\u0105ca, wytrwa\u0142a modlitwa i pro\u015bby \u201e\u2026aby Jacek swego talentu na szkod\u0119 duszy i Ojczyzny nie u\u017cy\u0142, tak jak wielu malarzy, rze\u017abiarzy, czy powie\u015bciopisarzy, kt\u00f3rzy swoimi bezwstydnymi utworami psuj\u0105 tysi\u0105ce dusz i do piek\u0142a prowadz\u0105\u201d \u2014 wspomina\u0142 po latach jej intencje modlitewne wychowanek oraz pierwszy biograf Wandy Malczewskiej, ks. Grzegorz Augustynik. Wyniesione z g\u0142\u0119bokiej, mistycznej medytacji przekonanie pozwala\u0142o Wandzie twierdzi\u0107, \u017ce bratanek b\u0119dzie w przysz\u0142o\u015bci malarzem s\u0142awnym w kierunku czysto religijnym, narodowym i historycznym.<\/p>\n\n\n\n<p>Jacek ceni\u0142 swoj\u0105 ciotk\u0119, a nawet uwa\u017ca\u0142 j\u0105 za osob\u0119 godn\u0105 zaszczytu wyniesienia do grona b\u0142ogos\u0142awionych. Widz\u0105c Wand\u0119 w codziennej krz\u0105taninie zwyk\u0142ych spraw dostrzega\u0142 jej wytrwa\u0142\u0105 wspinaczk\u0119 na wy\u017cyny duchowego rozwoju. Tam, gdzie my\u015bli zyskuj\u0105 nieoczekiwan\u0105 jasno\u015b\u0107 i wyrazisto\u015b\u0107, a prze\u017cycia staj\u0105 si\u0119 zarazem niezwykle mocne i g\u0142\u0119bokie, a jednocze\u015bnie zadziwiaj\u0105co lekkie. Widzia\u0142 w jej \u017cyciu nie tylko rzeczywisto\u015b\u0107 odnosz\u0105c\u0105 si\u0119 do \u015bwiata postrzeganego zmys\u0142ami, odczuwanego i prze\u017cywanego fizycznie, ale tak\u017ce \u2014 a mo\u017ce przede wszystkim \u2014 \u015bwiata dozna\u0144 duchowych. \u201eRozmawiali\u015bmy o jej beatyfikacji i p. Jacek poprosi\u0142 o papier i kredk\u0119 i na tle polskiego krajobrazu zacz\u0105\u0142 rysowa\u0107 cieniutk\u0105, jemu charakterystyczn\u0105 lini\u0105, posta\u0107 ciotki id\u0105cej wiejsk\u0105 drog\u0105 z torebk\u0105 pe\u0142n\u0105 lekarstw dla biednych i chorych. <em>Tak\u0105 pami\u0119tam \u2014 <\/em>tak powiedzia\u0142 \u2014 <em>i tak\u0105 chcia\u0142bym, aby\u015b kiedy\u015b j\u0105 namalowa\u0142a. Zr\u00f3b wedle tego rysunku Michalinko (\u2026) \u2014 <\/em>powiedzia\u0142\u201d &#8211; wspomina\u0142a po latach Michalina Janoszanka, uczennica Malczewskiego. Natomiast s. Serafina Czermi\u0144ska dotar\u0142a do materia\u0142\u00f3w potwierdzaj\u0105cych, \u017ce Malczewski namalowa\u0142 r\u00f3wnie\u017c male\u0144k\u0105 akwarel\u0119 koloru \u201eindygo\u201d, kt\u00f3r\u0105 po \u015bmierci artysty zakupi\u0142a komisja beatyfikacyjna zbieraj\u0105ca dokumentacj\u0119 nt. Wandy Malczewskiej. Niestety, akwarela zagin\u0119\u0142a w czasie wojny. Zagin\u0105\u0142 tak\u017ce rysunek przekazany Michalinie Janoszance.<\/p>\n\n\n\n<p>Gdy teraz \u2014 w 170. rocznic\u0119 urodzin i w 95. rocznic\u0119 \u015bmierci Jacka Malczewskiego \u2014 wpatrujemy si\u0119 we wspania\u0142e dzie\u0142a sztuki polskiej i pr\u00f3bujemy pod\u0105\u017ca\u0107 wytyczonymi przez artyst\u0119 szlakami wyobra\u017ani tw\u00f3rczej warto si\u0119gn\u0105\u0107 do przesz\u0142o\u015bci i zastanowi\u0107 si\u0119 jak wygl\u0105da\u0142y \u2014 lub jak mog\u0142y wygl\u0105da\u0107 \u2014 zaginione wizerunki Wandy Malczewskiej: rysunek i akwarela? A nawet \u2014 jak mog\u0142aby wygl\u0105da\u0107 grafika, gdyby Jacek Malczewskich \u2014 \u017cyj\u0105c i tworz\u0105c \u201etu i teraz\u201d \u2014 pos\u0142ugiwa\u0142 si\u0119 popularn\u0105 obecnie form\u0105 wyrazu? Jak mistrz portretu pokaza\u0142 bogactwo spojrzenia, kt\u00f3re wyra\u017ca g\u0142\u0119boki spok\u00f3j, jak wyrazi\u0142 gesty przekazuj\u0105ce \u017cyczliwo\u015b\u0107 oraz jak przedstawi\u0142 subtelny u\u015bmiech, kt\u00f3ry jest dotkni\u0119ciem rado\u015bci? A tak\u017ce zatopienie w modlitwie, kt\u00f3re staje si\u0119 powiewem mi\u0142o\u015bci.<\/p>\n\n\n\n<p>Rysunek, malarstwo, grafika. Ten konkurs jest zaproszeniem do wielkiej w\u0119dr\u00f3wki wyobra\u017ani i prze\u017cy\u0107&#8230;<\/p>\n\n\n\n<div class=\"wp-block-uagb-separator uagb-block-e767b359\"><div class=\"wp-block-uagb-separator__inner\" style=\"--my-background-image:\"><\/div><\/div>\n\n\n\n<p><strong>Miros\u0142aw W\u0105sik<\/strong> \u2014 kurator konkursu<\/p>\n<\/div><\/div>\n","protected":false},"excerpt":{"rendered":"<p>Miros\u0142aw W\u0105sik Konkurs W poszukiwaniu zaginionych wizerunk\u00f3w jest zaproszeniem do wielkiej w\u0119dr\u00f3wki wyobra\u017ani i prze\u017cy\u0107 a tak\u017ce wyzwaniem dla talentu i wysi\u0142ku [&hellip;]<\/p>\n","protected":false},"author":1,"featured_media":0,"parent":0,"menu_order":0,"comment_status":"closed","ping_status":"closed","template":"","meta":{"_uag_custom_page_level_css":"","footnotes":""},"class_list":["post-26","page","type-page","status-publish","hentry"],"uagb_featured_image_src":{"full":false,"thumbnail":false,"medium":false,"medium_large":false,"large":false,"1536x1536":false,"2048x2048":false,"sydney-large-thumb":false,"sydney-medium-thumb":false,"sydney-small-thumb":false,"sydney-service-thumb":false,"sydney-mas-thumb":false},"uagb_author_info":{"display_name":"rafalcelej@wp.pl","author_link":"http:\/\/www.radom.kik.opoka.org.pl\/konkurs\/?author=1"},"uagb_comment_info":0,"uagb_excerpt":"Miros\u0142aw W\u0105sik Konkurs W poszukiwaniu zaginionych wizerunk\u00f3w jest zaproszeniem do wielkiej w\u0119dr\u00f3wki wyobra\u017ani i prze\u017cy\u0107 a tak\u017ce wyzwaniem dla talentu i wysi\u0142ku [&hellip;]","_links":{"self":[{"href":"http:\/\/www.radom.kik.opoka.org.pl\/konkurs\/index.php?rest_route=\/wp\/v2\/pages\/26","targetHints":{"allow":["GET"]}}],"collection":[{"href":"http:\/\/www.radom.kik.opoka.org.pl\/konkurs\/index.php?rest_route=\/wp\/v2\/pages"}],"about":[{"href":"http:\/\/www.radom.kik.opoka.org.pl\/konkurs\/index.php?rest_route=\/wp\/v2\/types\/page"}],"author":[{"embeddable":true,"href":"http:\/\/www.radom.kik.opoka.org.pl\/konkurs\/index.php?rest_route=\/wp\/v2\/users\/1"}],"replies":[{"embeddable":true,"href":"http:\/\/www.radom.kik.opoka.org.pl\/konkurs\/index.php?rest_route=%2Fwp%2Fv2%2Fcomments&post=26"}],"version-history":[{"count":42,"href":"http:\/\/www.radom.kik.opoka.org.pl\/konkurs\/index.php?rest_route=\/wp\/v2\/pages\/26\/revisions"}],"predecessor-version":[{"id":303,"href":"http:\/\/www.radom.kik.opoka.org.pl\/konkurs\/index.php?rest_route=\/wp\/v2\/pages\/26\/revisions\/303"}],"wp:attachment":[{"href":"http:\/\/www.radom.kik.opoka.org.pl\/konkurs\/index.php?rest_route=%2Fwp%2Fv2%2Fmedia&parent=26"}],"curies":[{"name":"wp","href":"https:\/\/api.w.org\/{rel}","templated":true}]}}

Wstęp

<div data-aos= "fade-up" data-aos-duration="400" data-aos-delay="0" data-aos-easing="ease" data-aos-once="true" class="wp-block-uagb-container uagb-block-2c6fd74c alignfull uagb-is-root-container"><div class="uagb-container-inner-blocks-wrap">
<p><em>Mirosław Wąsik</em></p>



<p>Konkurs <strong><em>W poszukiwaniu zaginionych wizerunków</em></strong> jest zaproszeniem do wielkiej wędrówki wyobraźni i przeżyć a także wyzwaniem dla talentu i wysiłku intelektualnego oraz duchowego. Przed nami staje tajemnica natchnień i obrazów, które przenikały jednego z najwybitniejszych polskich malarzy — Jacka Malczewskiego. Mistrz kreacji świata symboli, wnikliwy obserwator oraz poeta portretu czerpiący inspiracje ze szczytów ledwie dostępnych człowiekowi — to tylko niektóre przymioty, którymi można opisywać artystę, niezwykle biegłego w posługiwaniu się rysunkiem i barwą.</p>



<p>Wyzwania twórcze, które leżą u źródeł wędrówki <strong><em>W poszukiwaniu zaginionych wizerunków</em> </strong>dotyczą obszaru mniej rozpoznanego w życiorysie wielkiego artysty — wzajemnych relacji dwojga wybitnych przedstawicieli rodu Malczewskich herbu Tarnawa: wirtuoza sztuki oraz na wskroś oryginalnej, niezwykle zaangażowanej i uduchowionej wolontariuszki — Jacka i jego ciotki Wandy.</p>



<p>Tarnawici to ród znaczący, bogaty w osoby nietuzinkowe i utalentowane, jak chociażby poeta romantyczny Antoni Malczewski. Przez swoje wielowymiarowe dokonania rodzina Malczewskich pokazała, że można będąc arystokratą ducha nie odwracać uwagi od problemów zwykłych ludzi. A także w drugą stronę — że można zajmując się codziennymi sprawami sięgać poza horyzonty.</p>



<p>Fenomen twórczości Jacka i zadziwiające bogactwo życia Wandy posiadają wiele punktów wspólnych. To zarówno formacja intelektualna i duchowa, jak również głębokie zaangażowanie w sprawy społeczne i narodowe. Taki kształt postawy wobec świata i wartości, to w znaczącym stopniu efekt wychowania i tradycji domu rodzinnego, zagubionego w ustronnych rejonach ziemi radomskiej.</p>



<p>Drogi Wandy i Jacka krzyżowały się wielokrotnie, na różnych etapach życia. Dla Wandy bratanek był kimś tak ważnym, że mimo własnego ubóstwa przekazała na kształcenie utalentowanego chłopca przypadającą jej część rodowego spadku. Ale obok wymiaru czysto materialnego było także wielkie zaangażowanie duchowe — gorąca, wytrwała modlitwa i prośby „…aby Jacek swego talentu na szkodę duszy i Ojczyzny nie użył, tak jak wielu malarzy, rzeźbiarzy, czy powieściopisarzy, którzy swoimi bezwstydnymi utworami psują tysiące dusz i do piekła prowadzą” — wspominał po latach jej intencje modlitewne wychowanek oraz pierwszy biograf Wandy Malczewskiej, ks. Grzegorz Augustynik. Wyniesione z głębokiej, mistycznej medytacji przekonanie pozwalało Wandzie twierdzić, że bratanek będzie w przyszłości malarzem sławnym w kierunku czysto religijnym, narodowym i historycznym.</p>



<p>Jacek cenił swoją ciotkę, a nawet uważał ją za osobę godną zaszczytu wyniesienia do grona błogosławionych. Widząc Wandę w codziennej krzątaninie zwykłych spraw dostrzegał jej wytrwałą wspinaczkę na wyżyny duchowego rozwoju. Tam, gdzie myśli zyskują nieoczekiwaną jasność i wyrazistość, a przeżycia stają się zarazem niezwykle mocne i głębokie, a jednocześnie zadziwiająco lekkie. Widział w jej życiu nie tylko rzeczywistość odnoszącą się do świata postrzeganego zmysłami, odczuwanego i przeżywanego fizycznie, ale także — a może przede wszystkim — świata doznań duchowych. „Rozmawialiśmy o jej beatyfikacji i p. Jacek poprosił o papier i kredkę i na tle polskiego krajobrazu zaczął rysować cieniutką, jemu charakterystyczną linią, postać ciotki idącej wiejską drogą z torebką pełną lekarstw dla biednych i chorych. <em>Taką pamiętam — </em>tak powiedział — <em>i taką chciałbym, abyś kiedyś ją namalowała. Zrób wedle tego rysunku Michalinko (…) — </em>powiedział” &#8211; wspominała po latach Michalina Janoszanka, uczennica Malczewskiego. Natomiast s. Serafina Czermińska dotarła do materiałów potwierdzających, że Malczewski namalował również maleńką akwarelę koloru „indygo”, którą po śmierci artysty zakupiła komisja beatyfikacyjna zbierająca dokumentację nt. Wandy Malczewskiej. Niestety, akwarela zaginęła w czasie wojny. Zaginął także rysunek przekazany Michalinie Janoszance.</p>



<p>Gdy teraz — w 170. rocznicę urodzin i w 95. rocznicę śmierci Jacka Malczewskiego — wpatrujemy się we wspaniałe dzieła sztuki polskiej i próbujemy podążać wytyczonymi przez artystę szlakami wyobraźni twórczej warto sięgnąć do przeszłości i zastanowić się jak wyglądały — lub jak mogły wyglądać — zaginione wizerunki Wandy Malczewskiej: rysunek i akwarela? A nawet — jak mogłaby wyglądać grafika, gdyby Jacek Malczewskich — żyjąc i tworząc „tu i teraz” — posługiwał się popularną obecnie formą wyrazu? Jak mistrz portretu pokazał bogactwo spojrzenia, które wyraża głęboki spokój, jak wyraził gesty przekazujące życzliwość oraz jak przedstawił subtelny uśmiech, który jest dotknięciem radości? A także zatopienie w modlitwie, które staje się powiewem miłości.</p>



<p>Rysunek, malarstwo, grafika. Ten konkurs jest zaproszeniem do wielkiej wędrówki wyobraźni i przeżyć&#8230;</p>



<div class="wp-block-uagb-separator uagb-block-e767b359"><div class="wp-block-uagb-separator__inner" style="--my-background-image:"></div></div>



<p><strong>Mirosław Wąsik</strong> — kurator konkursu</p>
</div></div>

<p>Mirosław Wąsik Konkurs W poszukiwaniu zaginionych wizerunków jest zaproszeniem do wielkiej wędrówki wyobraźni i przeżyć a także wyzwaniem dla talentu i wysiłku [&hellip;]</p>

Mirosław Wąsik Konkurs W poszukiwaniu zaginionych wizerunków jest zaproszeniem do wielkiej wędrówki wyobraźni i przeżyć a także wyzwaniem dla talentu i wysiłku [&hellip;]
