{"id":340,"date":"2024-05-14T22:46:37","date_gmt":"2024-05-14T20:46:37","guid":{"rendered":"http:\/\/www.radom.kik.opoka.org.pl\/konkurs\/?page_id=340"},"modified":"2024-05-19T23:15:55","modified_gmt":"2024-05-19T21:15:55","slug":"organizatorzy","status":"publish","type":"page","link":"http:\/\/www.radom.kik.opoka.org.pl\/konkurs\/?page_id=340","title":{"rendered":"Organizatorzy"},"content":{"rendered":"\n<h2 class=\"wp-block-heading\"><strong>Og\u00f3lnopolski Konkurs Plastyczny<\/strong><\/h2>\n\n\n\n<h3 class=\"wp-block-heading\">\u201eW poszukiwaniu zaginionych wizerunk\u00f3w<br>\u2014 portret Wandy Malczewskiej\u201d,<\/h3>\n\n\n\n<p>w 170. rocznic\u0119 urodzin i w 95. rocznic\u0119 \u015bmierci Jacka Malczewskiego (1854-1929), dla student\u00f3w wy\u017cszych uczelni plastycznych i student\u00f3w kierunk\u00f3w plastycznych innych wy\u017cszych uczelni, organizowany przez:<\/p>\n\n\n\n<ul class=\"wp-block-list\">\n<li>\u00a0\u00a0<strong>Klub Inteligencji Katolickiej im. Stefana Kardyna\u0142a Wyszy\u0144skiego w Radomiu<\/strong>,<\/li>\n\n\n\n<li>\u00a0\u00a0<strong>Akcj\u0119 Katolick\u0105 Diecezji Radomskiej<\/strong>,<\/li>\n\n\n\n<li>\u00a0\u00a0<strong>Stowarzyszenie \u201eM\u0142y\u0144ska\u201d Verum Bonum Pulchrum w Radomiu<\/strong>.<\/li>\n<\/ul>\n\n\n\n<div class=\"wp-block-uagb-separator uagb-block-f93ea992\"><div class=\"wp-block-uagb-separator__inner\" style=\"--my-background-image:\"><\/div><\/div>\n","protected":false},"excerpt":{"rendered":"<p>Og\u00f3lnopolski Konkurs Plastyczny \u201eW poszukiwaniu zaginionych wizerunk\u00f3w\u2014 portret Wandy Malczewskiej\u201d, w 170. rocznic\u0119 urodzin i w 95. rocznic\u0119 \u015bmierci Jacka Malczewskiego (1854-1929), [&hellip;]<\/p>\n","protected":false},"author":1,"featured_media":0,"parent":0,"menu_order":0,"comment_status":"closed","ping_status":"closed","template":"","meta":{"_uag_custom_page_level_css":"","footnotes":""},"class_list":["post-340","page","type-page","status-publish","hentry"],"uagb_featured_image_src":{"full":false,"thumbnail":false,"medium":false,"medium_large":false,"large":false,"1536x1536":false,"2048x2048":false,"sydney-large-thumb":false,"sydney-medium-thumb":false,"sydney-small-thumb":false,"sydney-service-thumb":false,"sydney-mas-thumb":false},"uagb_author_info":{"display_name":"rafalcelej@wp.pl","author_link":"http:\/\/www.radom.kik.opoka.org.pl\/konkurs\/?author=1"},"uagb_comment_info":0,"uagb_excerpt":"Og\u00f3lnopolski Konkurs Plastyczny \u201eW poszukiwaniu zaginionych wizerunk\u00f3w\u2014 portret Wandy Malczewskiej\u201d, w 170. rocznic\u0119 urodzin i w 95. rocznic\u0119 \u015bmierci Jacka Malczewskiego (1854-1929), [&hellip;]","_links":{"self":[{"href":"http:\/\/www.radom.kik.opoka.org.pl\/konkurs\/index.php?rest_route=\/wp\/v2\/pages\/340","targetHints":{"allow":["GET"]}}],"collection":[{"href":"http:\/\/www.radom.kik.opoka.org.pl\/konkurs\/index.php?rest_route=\/wp\/v2\/pages"}],"about":[{"href":"http:\/\/www.radom.kik.opoka.org.pl\/konkurs\/index.php?rest_route=\/wp\/v2\/types\/page"}],"author":[{"embeddable":true,"href":"http:\/\/www.radom.kik.opoka.org.pl\/konkurs\/index.php?rest_route=\/wp\/v2\/users\/1"}],"replies":[{"embeddable":true,"href":"http:\/\/www.radom.kik.opoka.org.pl\/konkurs\/index.php?rest_route=%2Fwp%2Fv2%2Fcomments&post=340"}],"version-history":[{"count":5,"href":"http:\/\/www.radom.kik.opoka.org.pl\/konkurs\/index.php?rest_route=\/wp\/v2\/pages\/340\/revisions"}],"predecessor-version":[{"id":408,"href":"http:\/\/www.radom.kik.opoka.org.pl\/konkurs\/index.php?rest_route=\/wp\/v2\/pages\/340\/revisions\/408"}],"wp:attachment":[{"href":"http:\/\/www.radom.kik.opoka.org.pl\/konkurs\/index.php?rest_route=%2Fwp%2Fv2%2Fmedia&parent=340"}],"curies":[{"name":"wp","href":"https:\/\/api.w.org\/{rel}","templated":true}]}}

<h2 class="wp-block-heading"><strong>Ogólnopolski Konkurs Plastyczny</strong></h2>



<h3 class="wp-block-heading">„W poszukiwaniu zaginionych wizerunków<br>— portret Wandy Malczewskiej”,</h3>



<p>w 170. rocznicę urodzin i w 95. rocznicę śmierci Jacka Malczewskiego (1854-1929), dla studentów wyższych uczelni plastycznych i studentów kierunków plastycznych innych wyższych uczelni, organizowany przez:</p>



<ul class="wp-block-list">
<li>  <strong>Klub Inteligencji Katolickiej im. Stefana Kardynała Wyszyńskiego w Radomiu</strong>,</li>



<li>  <strong>Akcję Katolicką Diecezji Radomskiej</strong>,</li>



<li>  <strong>Stowarzyszenie „Młyńska” Verum Bonum Pulchrum w Radomiu</strong>.</li>
</ul>



<div class="wp-block-uagb-separator uagb-block-f93ea992"><div class="wp-block-uagb-separator__inner" style="--my-background-image:"></div></div>

<p>Ogólnopolski Konkurs Plastyczny „W poszukiwaniu zaginionych wizerunków— portret Wandy Malczewskiej”, w 170. rocznicę urodzin i w 95. rocznicę śmierci Jacka Malczewskiego (1854-1929), [&hellip;]</p>

Ogólnopolski Konkurs Plastyczny „W poszukiwaniu zaginionych wizerunków— portret Wandy Malczewskiej”, w 170. rocznicę urodzin i w 95. rocznicę śmierci Jacka Malczewskiego (1854-1929), [&hellip;]
