{"id":481,"date":"2025-05-26T19:54:24","date_gmt":"2025-05-26T17:54:24","guid":{"rendered":"https:\/\/www.radom.kik.opoka.org.pl\/konkurs\/?page_id=481"},"modified":"2025-05-26T20:29:20","modified_gmt":"2025-05-26T18:29:20","slug":"wyniki","status":"publish","type":"page","link":"http:\/\/www.radom.kik.opoka.org.pl\/konkurs\/","title":{"rendered":"Wyniki"},"content":{"rendered":"\n<h3 class=\"wp-block-heading has-text-align-center\">Wyniki Og\u00f3lnopolskiego Konkursu Plastycznego<br>\u201eW poszukiwaniu zaginionych wizerunk\u00f3w <br>\u2014 portret Wandy Malczewskiej\u201d<\/h3>\n\n\n\n<h4 class=\"wp-block-heading\"><strong>Kategoria: <\/strong>malarstwo<\/h4>\n\n\n\n<table>\n<tbody>\n<tr>\n<td width=\"115\"><strong>Wyniki<\/strong><\/td>\n<td width=\"197\"><strong>Imi\u0119 i nazwisko<\/strong><\/td>\n<td width=\"312\"><strong>Tytu\u0142 pracy<\/strong><\/td>\n<\/tr>\n<tr>\n<td width=\"115\">1 miejsce<\/td>\n<td width=\"197\">Zofia Brzezi\u0144ska<\/td>\n<td width=\"312\">Portret Wandy Malczewskiej<\/td>\n<\/tr>\n<tr>\n<td width=\"115\">2 miejsce<\/td>\n<td width=\"197\">Amelia Duszak<\/td>\n<td width=\"312\">Wanda Malczewska w trudzie \u017cycia. Bo\u017ca \u0141aska<\/td>\n<\/tr>\n<tr>\n<td width=\"115\">2 miejsce<\/td>\n<td width=\"197\">Konrad Zdaniak<\/td>\n<td width=\"312\">Portret Wandy Malczewskiej<\/td>\n<\/tr>\n<tr>\n<td width=\"115\">wyr\u00f3\u017cnienie<\/td>\n<td width=\"197\">Aleksandra Rink<\/td>\n<td width=\"312\">Portret Wandy Malczewskiej z makiem<\/td>\n<\/tr>\n<tr>\n<td width=\"115\">wyr\u00f3\u017cnienie<\/td>\n<td width=\"197\">Daria Staszewska<\/td>\n<td width=\"312\">Portret Wandy Malczewskiej<\/td>\n<\/tr>\n<tr>\n<td width=\"115\">wyr\u00f3\u017cnienie<\/td>\n<td width=\"197\">Maria Wachowiak<\/td>\n<td width=\"312\">Rozmowy we Wn\u0119trzu<\/td>\n<\/tr>\n<\/tbody>\n<\/table>\n\n\n\n<hr class=\"wp-block-separator has-alpha-channel-opacity\"\/>\n\n\n\n<h4 class=\"wp-block-heading\">Kategoria: rysunek<\/h4>\n\n\n\n<table>\n<tbody>\n<tr>\n<td width=\"96\"><strong>Wyniki<\/strong>\n\n&nbsp;<\/td>\n<td width=\"168\"><strong>Imi\u0119 i nazwisko<\/strong><\/td>\n<td width=\"359\"><strong>Tytu\u0142 pracy<\/strong><\/td>\n<\/tr>\n<tr>\n<td width=\"96\">2 miejsce<\/td>\n<td width=\"168\">Natalia Szyma\u0144ska<\/td>\n<td width=\"359\">Wanda i Duch \u015awi\u0119ty<\/td>\n<\/tr>\n<tr>\n<td width=\"96\">3 miejsce<\/td>\n<td width=\"168\">Sara Daniel<\/td>\n<td width=\"359\">Ma\u0142a Wandzia<\/td>\n<\/tr>\n<tr>\n<td width=\"96\">3 miejsce<\/td>\n<td width=\"168\">Natalia Krupska<\/td>\n<td width=\"359\">Pod\u0105\u017caj\u0105c za kresk\u0105 Jacka Malczewskiego<\/td>\n<\/tr>\n<tr>\n<td width=\"96\">wyr\u00f3\u017cnienie<\/td>\n<td width=\"168\">Julia Bethoon<\/td>\n<td width=\"359\">Portret Wandy Malczewskiej<\/td>\n<\/tr>\n<\/tbody>\n<\/table>\n\n\n\n<hr class=\"wp-block-separator has-alpha-channel-opacity\"\/>\n\n\n\n<h4 class=\"wp-block-heading\">Kategoria: grafika<\/h4>\n\n\n\n<table>\n<tbody>\n<tr>\n<td width=\"96\"><strong>Wyniki <\/strong><\/td>\n<td width=\"168\"><strong>Imi\u0119 i nazwisko<\/strong><\/td>\n<td width=\"359\"><strong>Tytu\u0142 pracy<\/strong><\/td>\n<\/tr>\n<tr>\n<td width=\"96\">2 miejsce<\/td>\n<td width=\"168\">Natalia Nykiel<\/td>\n<td width=\"359\">Wanda Malczewska<\/td>\n<\/tr>\n<tr>\n<td width=\"96\">3 miejsce<\/td>\n<td width=\"168\">Alicja Olszewska<\/td>\n<td width=\"359\">Akwarelowa Wanda<\/td>\n<\/tr>\n<tr>\n<td width=\"96\">wyr\u00f3\u017cnienie<\/td>\n<td width=\"168\">Julia Braun<\/td>\n<td width=\"359\">\u015awi\u0119ta rozmowa<\/td>\n<\/tr>\n<tr>\n<td width=\"96\">wyr\u00f3\u017cnienie<\/td>\n<td width=\"168\">Urszula Beniamin Pierz<\/td>\n<td width=\"359\">Portret Wandy Malczewskiej<\/td>\n<\/tr>\n<tr>\n<td width=\"96\">wyr\u00f3\u017cnienie<\/td>\n<td width=\"168\">Maria Wachowiak<\/td>\n<td width=\"359\">Wanda. Zjednoczenie<\/td>\n<\/tr>\n<\/tbody>\n<\/table>\n\n\n\n<hr class=\"wp-block-separator has-alpha-channel-opacity\"\/>\n\n\n\n<h3 class=\"wp-block-heading has-text-align-center\">Zestawienie prac zakwalifikowanych do konkursu i&nbsp;zaprezentowanych w czasie wystawy<\/h3>\n\n\n\n<h4 class=\"wp-block-heading\"><strong>Kategoria: <\/strong>malarstwo<\/h4>\n\n\n\n<table width=\"614\">\n<tbody>\n<tr>\n<td width=\"255\"><strong>Imi\u0119 i nazwisko<\/strong><\/td>\n<td width=\"359\"><strong>Tytu\u0142 pracy<\/strong><\/td>\n<\/tr>\n<tr>\n<td width=\"255\">Katsiaryna Haradnichawa<\/td>\n<td width=\"359\">Pami\u0119\u0107<\/td>\n<\/tr>\n<tr>\n<td width=\"255\">Martyna Jaroch<\/td>\n<td width=\"359\">Wanda Malczewska<\/td>\n<\/tr>\n<tr>\n<td width=\"255\">Micha\u0142 Jaszczak<\/td>\n<td width=\"359\">Wanda Malczewska<\/td>\n<\/tr>\n<tr>\n<td width=\"255\">Kornelia Kalisz<\/td>\n<td width=\"359\">S\u0142owo<\/td>\n<\/tr>\n<tr>\n<td width=\"255\">Anna Krawczyk<\/td>\n<td width=\"359\">Wanda Malczewska w kolorach<\/td>\n<\/tr>\n<tr>\n<td width=\"255\">Julia Kud\u0142a<\/td>\n<td width=\"359\">Wanda Malczewska na tle pejza\u017cu<\/td>\n<\/tr>\n<tr>\n<td width=\"255\">Sara Nowacka<\/td>\n<td width=\"359\">Portret Wandy Malczewskiej<\/td>\n<\/tr>\n<tr>\n<td width=\"255\">Zuzanna Okulska-Bo\u017cek<\/td>\n<td width=\"359\">Ciotka Wanda oczami Jacka Malczewskiego<\/td>\n<\/tr>\n<tr>\n<td width=\"255\">Oliwia Olender<\/td>\n<td width=\"359\">Portret Wandy Malczewskiej<\/td>\n<\/tr>\n<tr>\n<td width=\"255\">Ewa S\u0119kowska<\/td>\n<td width=\"359\">Portret<\/td>\n<\/tr>\n<tr>\n<td width=\"255\">Julia S\u0142abi\u0144ska<\/td>\n<td width=\"359\">Wanda Malczewska<\/td>\n<\/tr>\n<tr>\n<td width=\"255\">Oleksandra Ursulenko<\/td>\n<td width=\"359\">Portret Wandy Malczewskiej<\/td>\n<\/tr>\n<\/tbody>\n<\/table>\n\n\n\n<hr class=\"wp-block-separator has-alpha-channel-opacity\"\/>\n\n\n\n<h4 class=\"wp-block-heading\">Kategoria: rysunek<\/h4>\n\n\n\n<table width=\"614\">\n<tbody>\n<tr>\n<td width=\"255\"><strong>Imi\u0119 i nazwisko<\/strong><\/td>\n<td width=\"359\"><strong>Tytu\u0142 pracy<\/strong><\/td>\n<\/tr>\n<tr>\n<td width=\"255\">Patrycja Magdalena Kalisz<\/td>\n<td width=\"359\">\u015awi\u0119to\u015b\u0107 rozkwita w codzienno\u015bci<\/td>\n<\/tr>\n<tr>\n<td width=\"255\">Anna Krawczyk<\/td>\n<td width=\"359\">Z\u0142oto w w\u0119glu<\/td>\n<\/tr>\n<tr>\n<td width=\"255\">Joanna P\u0142atek<\/td>\n<td width=\"359\">Portret Wandy Malczewskiej<\/td>\n<\/tr>\n<tr>\n<td width=\"255\">Miko\u0142aj Smolarek<\/td>\n<td width=\"359\">Portret Wandy Malczewskiej<\/td>\n<\/tr>\n<\/tbody>\n<\/table>\n\n\n\n<hr class=\"wp-block-separator has-alpha-channel-opacity\"\/>\n\n\n\n<h4 class=\"wp-block-heading\">Kategoria: grafika<\/h4>\n\n\n\n<table width=\"614\">\n<tbody>\n<tr>\n<td width=\"255\"><strong>Imi\u0119 i nazwisko<\/strong><\/td>\n<td width=\"359\"><strong>Tytu\u0142 pracy<\/strong><\/td>\n<\/tr>\n<tr>\n<td width=\"255\">Gabriela Balawajder<\/td>\n<td width=\"359\">W s\u0142u\u017cbie Bogu i ojczy\u017anie<\/td>\n<\/tr>\n<tr>\n<td width=\"255\">Julia Bethoon<\/td>\n<td width=\"359\">Wanda Malczewska \u2013 Czcigodna S\u0142u\u017cebnica Bo\u017ca<\/td>\n<\/tr>\n<tr>\n<td width=\"255\">Agata Kosiak<\/td>\n<td width=\"359\">Modl\u0105ca si\u0119 Wanda Malczewska<\/td>\n<\/tr>\n<tr>\n<td width=\"255\">Natalia Krupska<\/td>\n<td width=\"359\">Zaginione Indygo<\/td>\n<\/tr>\n<\/tbody>\n<\/table>\n\n\n\n<hr class=\"wp-block-separator has-alpha-channel-opacity\"\/>\n\n\n\n<p class=\"has-text-align-center\"><em>Konkurs zosta\u0142 og\u0142oszony w ub. roku w 170. rocznic\u0119 urodzin i w 95. rocznic\u0119 \u015bmierci Jacka Malczewskiego.<\/em><\/p>\n\n\n\n<p class=\"has-text-align-center\"><em>Posiedzenie Jury w sprawie oceny prac zakwalifikowanych do konkursu odby\u0142o si\u0119 w dn. 19.03 2025 r. <\/em><\/p>\n\n\n\n<p class=\"has-text-align-center\"><em>Oficjalne wyniki zosta\u0142y og\u0142oszone w czasie wernisa\u017cu wystawy w dn. 24.05.2025 r. w Radomiu, <\/em><br><em>w Resursie Obywatelskiej.<\/em><\/p>\n","protected":false},"excerpt":{"rendered":"<p>Wyniki Og\u00f3lnopolskiego Konkursu Plastycznego\u201eW poszukiwaniu zaginionych wizerunk\u00f3w \u2014 portret Wandy Malczewskiej\u201d Kategoria: malarstwo Wyniki Imi\u0119 i nazwisko Tytu\u0142 pracy 1 miejsce Zofia [&hellip;]<\/p>\n","protected":false},"author":1,"featured_media":0,"parent":0,"menu_order":0,"comment_status":"closed","ping_status":"closed","template":"","meta":{"_uag_custom_page_level_css":"","footnotes":""},"class_list":["post-481","page","type-page","status-publish","hentry"],"uagb_featured_image_src":{"full":false,"thumbnail":false,"medium":false,"medium_large":false,"large":false,"1536x1536":false,"2048x2048":false,"sydney-large-thumb":false,"sydney-medium-thumb":false,"sydney-small-thumb":false,"sydney-service-thumb":false,"sydney-mas-thumb":false},"uagb_author_info":{"display_name":"rafalcelej@wp.pl","author_link":"http:\/\/www.radom.kik.opoka.org.pl\/konkurs\/?author=1"},"uagb_comment_info":0,"uagb_excerpt":"Wyniki Og\u00f3lnopolskiego Konkursu Plastycznego\u201eW poszukiwaniu zaginionych wizerunk\u00f3w \u2014 portret Wandy Malczewskiej\u201d Kategoria: malarstwo Wyniki Imi\u0119 i nazwisko Tytu\u0142 pracy 1 miejsce Zofia [&hellip;]","_links":{"self":[{"href":"http:\/\/www.radom.kik.opoka.org.pl\/konkurs\/index.php?rest_route=\/wp\/v2\/pages\/481","targetHints":{"allow":["GET"]}}],"collection":[{"href":"http:\/\/www.radom.kik.opoka.org.pl\/konkurs\/index.php?rest_route=\/wp\/v2\/pages"}],"about":[{"href":"http:\/\/www.radom.kik.opoka.org.pl\/konkurs\/index.php?rest_route=\/wp\/v2\/types\/page"}],"author":[{"embeddable":true,"href":"http:\/\/www.radom.kik.opoka.org.pl\/konkurs\/index.php?rest_route=\/wp\/v2\/users\/1"}],"replies":[{"embeddable":true,"href":"http:\/\/www.radom.kik.opoka.org.pl\/konkurs\/index.php?rest_route=%2Fwp%2Fv2%2Fcomments&post=481"}],"version-history":[{"count":10,"href":"http:\/\/www.radom.kik.opoka.org.pl\/konkurs\/index.php?rest_route=\/wp\/v2\/pages\/481\/revisions"}],"predecessor-version":[{"id":498,"href":"http:\/\/www.radom.kik.opoka.org.pl\/konkurs\/index.php?rest_route=\/wp\/v2\/pages\/481\/revisions\/498"}],"wp:attachment":[{"href":"http:\/\/www.radom.kik.opoka.org.pl\/konkurs\/index.php?rest_route=%2Fwp%2Fv2%2Fmedia&parent=481"}],"curies":[{"name":"wp","href":"https:\/\/api.w.org\/{rel}","templated":true}]}}

<h3 class="wp-block-heading has-text-align-center">Wyniki Ogólnopolskiego Konkursu Plastycznego<br>„W poszukiwaniu zaginionych wizerunków <br>— portret Wandy Malczewskiej”</h3>



<h4 class="wp-block-heading"><strong>Kategoria: </strong>malarstwo</h4>



<table>
<tbody>
<tr>
<td width="115"><strong>Wyniki</strong></td>
<td width="197"><strong>Imię i nazwisko</strong></td>
<td width="312"><strong>Tytuł pracy</strong></td>
</tr>
<tr>
<td width="115">1 miejsce</td>
<td width="197">Zofia Brzezińska</td>
<td width="312">Portret Wandy Malczewskiej</td>
</tr>
<tr>
<td width="115">2 miejsce</td>
<td width="197">Amelia Duszak</td>
<td width="312">Wanda Malczewska w trudzie życia. Boża Łaska</td>
</tr>
<tr>
<td width="115">2 miejsce</td>
<td width="197">Konrad Zdaniak</td>
<td width="312">Portret Wandy Malczewskiej</td>
</tr>
<tr>
<td width="115">wyróżnienie</td>
<td width="197">Aleksandra Rink</td>
<td width="312">Portret Wandy Malczewskiej z makiem</td>
</tr>
<tr>
<td width="115">wyróżnienie</td>
<td width="197">Daria Staszewska</td>
<td width="312">Portret Wandy Malczewskiej</td>
</tr>
<tr>
<td width="115">wyróżnienie</td>
<td width="197">Maria Wachowiak</td>
<td width="312">Rozmowy we Wnętrzu</td>
</tr>
</tbody>
</table>



<hr class="wp-block-separator has-alpha-channel-opacity"/>



<h4 class="wp-block-heading">Kategoria: rysunek</h4>



<table>
<tbody>
<tr>
<td width="96"><strong>Wyniki</strong>

&nbsp;</td>
<td width="168"><strong>Imię i nazwisko</strong></td>
<td width="359"><strong>Tytuł pracy</strong></td>
</tr>
<tr>
<td width="96">2 miejsce</td>
<td width="168">Natalia Szymańska</td>
<td width="359">Wanda i Duch Święty</td>
</tr>
<tr>
<td width="96">3 miejsce</td>
<td width="168">Sara Daniel</td>
<td width="359">Mała Wandzia</td>
</tr>
<tr>
<td width="96">3 miejsce</td>
<td width="168">Natalia Krupska</td>
<td width="359">Podążając za kreską Jacka Malczewskiego</td>
</tr>
<tr>
<td width="96">wyróżnienie</td>
<td width="168">Julia Bethoon</td>
<td width="359">Portret Wandy Malczewskiej</td>
</tr>
</tbody>
</table>



<hr class="wp-block-separator has-alpha-channel-opacity"/>



<h4 class="wp-block-heading">Kategoria: grafika</h4>



<table>
<tbody>
<tr>
<td width="96"><strong>Wyniki </strong></td>
<td width="168"><strong>Imię i nazwisko</strong></td>
<td width="359"><strong>Tytuł pracy</strong></td>
</tr>
<tr>
<td width="96">2 miejsce</td>
<td width="168">Natalia Nykiel</td>
<td width="359">Wanda Malczewska</td>
</tr>
<tr>
<td width="96">3 miejsce</td>
<td width="168">Alicja Olszewska</td>
<td width="359">Akwarelowa Wanda</td>
</tr>
<tr>
<td width="96">wyróżnienie</td>
<td width="168">Julia Braun</td>
<td width="359">Święta rozmowa</td>
</tr>
<tr>
<td width="96">wyróżnienie</td>
<td width="168">Urszula Beniamin Pierz</td>
<td width="359">Portret Wandy Malczewskiej</td>
</tr>
<tr>
<td width="96">wyróżnienie</td>
<td width="168">Maria Wachowiak</td>
<td width="359">Wanda. Zjednoczenie</td>
</tr>
</tbody>
</table>



<hr class="wp-block-separator has-alpha-channel-opacity"/>



<h3 class="wp-block-heading has-text-align-center">Zestawienie prac zakwalifikowanych do konkursu i&nbsp;zaprezentowanych w czasie wystawy</h3>



<h4 class="wp-block-heading"><strong>Kategoria: </strong>malarstwo</h4>



<table width="614">
<tbody>
<tr>
<td width="255"><strong>Imię i nazwisko</strong></td>
<td width="359"><strong>Tytuł pracy</strong></td>
</tr>
<tr>
<td width="255">Katsiaryna Haradnichawa</td>
<td width="359">Pamięć</td>
</tr>
<tr>
<td width="255">Martyna Jaroch</td>
<td width="359">Wanda Malczewska</td>
</tr>
<tr>
<td width="255">Michał Jaszczak</td>
<td width="359">Wanda Malczewska</td>
</tr>
<tr>
<td width="255">Kornelia Kalisz</td>
<td width="359">Słowo</td>
</tr>
<tr>
<td width="255">Anna Krawczyk</td>
<td width="359">Wanda Malczewska w kolorach</td>
</tr>
<tr>
<td width="255">Julia Kudła</td>
<td width="359">Wanda Malczewska na tle pejzażu</td>
</tr>
<tr>
<td width="255">Sara Nowacka</td>
<td width="359">Portret Wandy Malczewskiej</td>
</tr>
<tr>
<td width="255">Zuzanna Okulska-Bożek</td>
<td width="359">Ciotka Wanda oczami Jacka Malczewskiego</td>
</tr>
<tr>
<td width="255">Oliwia Olender</td>
<td width="359">Portret Wandy Malczewskiej</td>
</tr>
<tr>
<td width="255">Ewa Sękowska</td>
<td width="359">Portret</td>
</tr>
<tr>
<td width="255">Julia Słabińska</td>
<td width="359">Wanda Malczewska</td>
</tr>
<tr>
<td width="255">Oleksandra Ursulenko</td>
<td width="359">Portret Wandy Malczewskiej</td>
</tr>
</tbody>
</table>



<hr class="wp-block-separator has-alpha-channel-opacity"/>



<h4 class="wp-block-heading">Kategoria: rysunek</h4>



<table width="614">
<tbody>
<tr>
<td width="255"><strong>Imię i nazwisko</strong></td>
<td width="359"><strong>Tytuł pracy</strong></td>
</tr>
<tr>
<td width="255">Patrycja Magdalena Kalisz</td>
<td width="359">Świętość rozkwita w codzienności</td>
</tr>
<tr>
<td width="255">Anna Krawczyk</td>
<td width="359">Złoto w węglu</td>
</tr>
<tr>
<td width="255">Joanna Płatek</td>
<td width="359">Portret Wandy Malczewskiej</td>
</tr>
<tr>
<td width="255">Mikołaj Smolarek</td>
<td width="359">Portret Wandy Malczewskiej</td>
</tr>
</tbody>
</table>



<hr class="wp-block-separator has-alpha-channel-opacity"/>



<h4 class="wp-block-heading">Kategoria: grafika</h4>



<table width="614">
<tbody>
<tr>
<td width="255"><strong>Imię i nazwisko</strong></td>
<td width="359"><strong>Tytuł pracy</strong></td>
</tr>
<tr>
<td width="255">Gabriela Balawajder</td>
<td width="359">W służbie Bogu i ojczyźnie</td>
</tr>
<tr>
<td width="255">Julia Bethoon</td>
<td width="359">Wanda Malczewska – Czcigodna Służebnica Boża</td>
</tr>
<tr>
<td width="255">Agata Kosiak</td>
<td width="359">Modląca się Wanda Malczewska</td>
</tr>
<tr>
<td width="255">Natalia Krupska</td>
<td width="359">Zaginione Indygo</td>
</tr>
</tbody>
</table>



<hr class="wp-block-separator has-alpha-channel-opacity"/>



<p class="has-text-align-center"><em>Konkurs został ogłoszony w ub. roku w 170. rocznicę urodzin i w 95. rocznicę śmierci Jacka Malczewskiego.</em></p>



<p class="has-text-align-center"><em>Posiedzenie Jury w sprawie oceny prac zakwalifikowanych do konkursu odbyło się w dn. 19.03 2025 r. </em></p>



<p class="has-text-align-center"><em>Oficjalne wyniki zostały ogłoszone w czasie wernisażu wystawy w dn. 24.05.2025 r. w Radomiu, </em><br><em>w Resursie Obywatelskiej.</em></p>

<p>Wyniki Ogólnopolskiego Konkursu Plastycznego„W poszukiwaniu zaginionych wizerunków — portret Wandy Malczewskiej” Kategoria: malarstwo Wyniki Imię i nazwisko Tytuł pracy 1 miejsce Zofia [&hellip;]</p>

Wyniki Ogólnopolskiego Konkursu Plastycznego„W poszukiwaniu zaginionych wizerunków — portret Wandy Malczewskiej” Kategoria: malarstwo Wyniki Imię i nazwisko Tytuł pracy 1 miejsce Zofia [&hellip;]
